3*u**2 - 5*u - 1 + 0*u. Let x be ((-3)/9*-1)/((-1)/3). Determine o(x).
-1
Let v(a) be the second derivative of a**5/120 + 5*a**4/24 + 7*a**3/3 + 23*a. Let w(j) be the second derivative of v(j). Calculate w(-4).
1
Let d(q) = q**3 - 4*q**2 + 3*q + 3. Let s be d(3). Let m be 0 - (17 + -2)/s. Let u(y) = -3 + 1 - 2*y - 3. What is u(m)?
5
Let m(c) be the second derivative of -c**5/20 - 2*c**4/3 + 2*c**3 + 2*c**2 + 319*c. Calculate m(-9).
-23
Suppose 0 = 32*q - 20*q. Let a(m) be the third derivative of 0*m - 1/8*m**4 - 2/3*m**3 - 7*m**2 + q. What is a(-5)?
11
Let p(y) be the second derivative of y**5/20 + y**4/4 - y**3/3 + 2*y**2 + 2*y + 1. Determine p(-3).
10
Let q(f) = 3*f - 4. Let w = 475 - 469. Determine q(w).
14
Let p(s) = -s - 2*s + 0 + 0*s + s + 1 + 4*s**2. Suppose 0*a - 5*a + 4*z = -5, 2*a - 2 = 5*z. Calculate p(a).
3
Let z(v) = -v**2 - 3. Suppose -a + 5*a - 6 = 2*y, -y + 4*a + 1 = 0. Let c be (1 + y)/((-1)/1). Suppose c*b = b. Determine z(b).
-3
Let d(f) be the third derivative of f**4/12 + 11*f**3/6 - 91*f**2. Calculate d(-6).
-1
Let s(i) = 3*i + 6. Let w(g) = -10*g - 18. Let x(k) = -7*s(k) - 2*w(k). Let h(y) = -3*y**2 - 5*y + 7. Let t = -46 + 43. Let z be h(t). Determine x(z).
-1
Let p be (-1)/(-4)*(-28)/(-7). Let d be (-9)/(27/(-24)) - p. Let x(t) = -t + 6. Determine x(d).
-1
Let j(v) be the first derivative of 1/3*v**3 + 10 - 2*v + v**2. Give j(-4).
6
Let j = -379 + 381. Let s(v) = -2*v**2 + v + 3. Let y(f) = -3*f**2 + 2*f + 4. Let r(h) = 7*s(h) - 5*y(h). Calculate r(j).
-1
Let y(c) = -66 + c + 62 - 2*c. Determine y(-3).
-1
Suppose 0 = -d + g + 6, 0*g + 4*g = -d - 19. Let c(r) = -5*r - 3. Let t(u) = -25*u - 16. Let f(m) = -11*c(m) + 2*t(m). Calculate f(d).
6
Let x(o) be the first derivative of o**4/4 + 4*o**3/3 + 7*o - 2. Suppose -p - 3*p + 5*v - 45 = 0, -5*p + 5*v - 50 = 0. What is x(p)?
-18
Let t(w) = -w + 10. Let z = 6 + -12. Let l be (20/(-7))/(z/21). Let c = -10 + l. Determine t(c).
10
Let o(h) = -2*h**3 - 34*h**2 + 34*h - 37. Let k(i) = i**3 + 17*i**2 - 17*i + 18. Let t(d) = -5*k(d) - 3*o(d). Give t(-18).
3
Let u(j) = -j**3 + 3*j**2 + 3*j - 4. Let i(z) = z**3 + 9*z**2 + 13*z - 27. Let m be i(-6). Calculate u(m).
5
Let l(c) = c**3 - 2*c**2 + 2*c - 1. Let d be l(2). Suppose -3*x - d*j = 33, -3*j - 11 - 4 = x. Let y(g) = 0*g + 6 + g + 6. Determine y(x).
3
Suppose -5*p - b - 37 = 58, -3*p = 4*b + 40. Let w = p + 12. Let m = -10 - w. Let g(i) = 2*i**3 + 2*i**2 - i + 1. Calculate g(m).
-5
Let n(u) = u - 2. Let p be (-162)/(-21) + (-8)/(-28). What is n(p)?
6
Let o(s) = -2819 + s - 4*s + 2813. What is o(0)?
-6
Let t(b) = 27*b**3 + 34*b**2 + 22*b + 2. Let g(z) = -16*z**3 - 19*z**2 - 12*z - 1. Let f(a) = -5*g(a) - 3*t(a). Let u(o) = -2*o. Let c be u(3). Determine f(c).
-1
Let f(j) = 4*j**3 - 15*j**2 - 4*j + 9. Let k be -3 - 1*(3 - 7). Let a(z) = -z**3 + z**2 - z - 1. Let y(s) = k*f(s) + 5*a(s). Let m = -153 - -144. Give y(m).
4
Let q(p) = -p - 4*p**2 + 1 - 16*p**3 + 12*p**3 - 2. Let n(d) = -3*d**3 - 4*d**2 - d. Let u(m) = -3*n(m) + 2*q(m). Let v be 2/(-7) - 26/7. Calculate u(v).
-6
Let d = -5 - -8. Let y = -30 - -38. Suppose 5 = d*x + y. Let s(z) = -15*z**3 + z + 1. Calculate s(x).
15
Let v(s) be the third derivative of s**6/120 + s**5/12 - s**4/4 - s**3/3 - s**2 + 222*s. Determine v(-6).
-2
Let a(r) = -r**3 - 11*r**2 - 7*r + 12. Let q(c) = 5*c**2 + 47*c + 8. Let o be q(-9). Calculate a(o).
-18
Let i(f) be the second derivative of 1/6*f**3 + 1/20*f**5 + 0 - f - 1/2*f**4 - 1/2*f**2. What is i(5)?
-21
Suppose 30 = 4*s + 6. Let x be 0 + 27/s - 6/(-12). Let b(o) = -2 + 6 - 2*o - o. Give b(x).
-11
Suppose -4*y - 4 = 4*o, -3*o + 3 = 11*y - 10*y. Let m(l) be the first derivative of 5*l - o - 1/2*l**2. Calculate m(6).
-1
Let t(l) = 5*l**3 - 6*l**2 + 5*l. Let p(k) be the second derivative of -4*k**5/5 + 17*k**4/12 - 7*k**3/3 - 19*k. Let h(f) = 6*p(f) + 17*t(f). Calculate h(-1).
10
Let z(l) = 3*l**3 - 12*l**2 - 23*l + 37. Let h(g) = g**3 - 4*g**2 - 8*g + 13. Let x(y) = -17*h(y) + 6*z(y). Calculate x(5).
16
Let g(r) = -7*r**2 - r + 1. Let v(h) = 6*h**2 - 2*h - 2. Let s be v(-2). Suppose 7*f - 3*f - t = -s, -5*t + 10 = 0. Let p = f + 7. Give g(p).
-7
Let n(c) = 17*c - 42. Let j(a) = 8*a - 22. Let b(k) = 5*j(k) - 3*n(k). Give b(2).
-6
Let b(s) be the third derivative of s**4/24 + 8*s**3/3 + 4*s**2. Let l be b(-12). Let y(a) = -a**2 + 4*a + 1. What is y(l)?
1
Let t(n) be the second derivative of 17*n**4/12 + n**3/3 - 21*n + 1. What is t(1)?
19
Let y(x) = 3*x**3 - 41*x**2 + 18*x + 1. Let l(v) = v**3 - 14*v**2 + 6*v. Let k(m) = 17*l(m) - 6*y(m). Give k(7).
1
Let m(a) = -a**2 - 8*a - 11. Let d(q) = -2*q**2 - 17*q - 23. Let o(w) = 3*d(w) - 7*m(w). What is o(-6)?
14
Let w(t) = -t**2 + 13*t + 32. Let n be w(16). Let c be n/3 - 10/(-30). Let z(i) = -i - 6. What is z(c)?
-1
Suppose 0 = 13*d + 18*d. Let q(o) = o + 7. Let s(g) = 1 - 3 + 3. Let p(w) = -q(w) - 2*s(w). What is p(d)?
-9
Let w(s) = -2*s + 15. Suppose 3 = 38*a - 263. Calculate w(a).
1
Let m(b) = 1 - 28*b + 28*b - b**2. Let o(q) = -7*q**2 - 4*q + 5. Let l(a) = 6*m(a) - o(a). Calculate l(-6).
13
Let z(a) = 7*a**3 + a**2 - a + 1. Let q(y) = y**2 - 7*y + 8. Let w be q(6). Suppose 0 = -5*t + 4*b - 3 - 0, b = w. Determine z(t).
8
Let r(z) be the second derivative of z**4/12 + z**3/6 - 2*z**2 + 2*z. Let i(l) = 4*l - 1. Let k be i(-1). Let a = k - -8. Calculate r(a).
8
Let a(q) be the third derivative of 0*q**5 + 0 - 1/30*q**6 + 2*q**2 - 1/12*q**4 + 1/6*q**3 + 0*q. Suppose y + 3 = -m + 2*m, 5*y + 10 = 0. Determine a(m).
-5
Let y(b) be the first derivative of -b**2/2 + 11*b - 66. Determine y(0).
11
Let f(c) = 3*c + 6. Let g = -33 + 34. Suppose 4*x - g = -u - 26, -3*u = -9. Calculate f(x).
-15
Let f(p) = -p - 8. Let o be f(-9). Let r(g) = 2 - 2*g - 5 - o + 3. Determine r(4).
-9
Let k(x) = x**2 + 8*x - 3. Let a be ((-6)/(-12))/(2/68). Suppose 0 = 6*u - a + 71. Calculate k(u).
6
Let j(x) = x - 9 - 7 + 17. Let c(a) = -2*a - 3. Let u(b) = 3*c(b) + 5*j(b). Calculate u(-6).
2
Suppose -6*w = -w - 135. Suppose 3*o - v - 2*v - w = 0, -2*o - v + 3 = 0. Let u(l) = -2*l - 1. Give u(o).
-9
Let k = 3 + -8. Let w(t) = 13*t - 5 - 38*t + 23*t + 2. Give w(k).
7
Let n(s) = -11*s - 13*s + 2*s**2 + 1 - 9*s + 35*s. Give n(-2).
5
Suppose -2*n = -4*b - 18, 3*b + n + 2 - 1 = 0. Let h(m) be the second derivative of -7*m**3/6 - 3*m**2/2 + 6*m + 2. Calculate h(b).
11
Let f be 105/6*12/(-7). Let x = f + 33. Let s(v) = v**2 - 4*v. Calculate s(x).
-3
Let u(j) = j + 5. Let i be u(-3). Let l(g) = -g**2 - i*g**2 - 3*g + 4*g**2 + 2 - 1. Suppose -5*x + 27 = -2*p, 7 = 4*x + p - 12. Calculate l(x).
11
Let z(o) = -251*o**2 + 1 - 25*o + 35*o + 8 + 252*o**2. What is z(-9)?
0
Let t(x) = -5*x**2 - 4*x + 2. Let q(u) = -22*u**2 - 18*u + 9. Let a(d) = 2*q(d) - 9*t(d). Determine a(1).
1
Let f(o) be the first derivative of o**5/20 + o**4/4 + o**3/3 - 2*o**2 + 11*o + 22. Let b(q) be the first derivative of f(q). What is b(-3)?
-10
Let l(h) = 1. Let c(s) = 2*s**2 - 4*s - 5. Let p(q) = c(q) + 5*l(q). Let x be p(2). Let b(j) = j - 9. Give b(x).
-9
Suppose 3*y = y - 12. Let t(l) = -5*l + 7. Let w(o) = 29*o - 41. Let x(h) = y*w(h) - 34*t(h). Calculate x(6).
-16
Suppose 126 = 309*f - 323*f. Let j(w) = -w**2 - 11*w. Determine j(f).
18
Let i(x) = x**2 + 2*x - 5. Let v = 463 - 466. Determine i(v).
-2
Let g(f) = -f + 2. Let m = -6 + 0. Let y = -10 - m. Let c be (y/3)/(-4)*6. Calculate g(c).
0
Let i(m) = 2*m**3 - 8*m**2 + 4*m**3 - 8 + 10*m + m**3 + 17*m**2. Let h(z) = -3*z**3 - 5*z**2 - 5*z + 4. Let k(u) = -5*h(u) - 2*i(u). Give k(-5).
21
Let m(b) = 2*b - 4. Let d be m(1). Let k be 5*d/(-4)*54/45. Let p(n) = 2*n**2 - 5*n + 4. Determine p(k).
7
Let m(q) = -q + 1. Let x(d) = d. Let n(i) = -5*i + 3. Suppose 4*r = -0*r - 4. Let y(v) = r*n(v) - 4*x(v). Let h be y(-3). What is m(h)?
7
Let g(r) be the first derivative of r**7/840 - r**6/90 + r**5/120 + r**4/8 - 3*r**3 + 7. Let a(c) be the third derivative of g(c). Calculate a(3).
-3
Let v be (-1)/(10/(-35) - 2/42). Suppose 0*y = -3*x + 2*y + v, 4*y + 4 = 4*x. Let q(a) = 0*a**3 + 1 - 7*a**3 + 4*a**3 - a. Determine q(x).
-3
Let f(a) = 2*a - 1. Suppose 8 = 2*y - 2*p + 10, 4*y + 2 = 3*p. Calculate f(y).
1
Let y be (-6 - -21)*28/10. Suppose y = -4*m - 2*m. Let r(j) = j**3 + 7*j**2 - 1. Give r(m).
-1
Let t(b) be the first derivati